 -z*y - 2 = -176. What is the units digit of y?
7
Let k = 183 + -163. What is the tens digit of 6/(-5) - (-18304)/k?
1
Let n be 83/(-9) - 92/(-414). Let g(c) = -c**3 - 6*c**2 - 3*c - 55. What is the units digit of g(n)?
5
Suppose 5*x - 79 = -4*r + 62, 0 = 4*r - 4*x - 168. What is the tens digit of 3/9 - (-2522)/r?
6
Let d be -3 + 9 + -3 + 3*178. Suppose -182 = 5*i - d. Suppose -39 - i = -5*t. What is the units digit of t?
2
Let y be (30/24)/(10/40). Suppose -1 + 0 = -b, -y*j + 3*b + 227 = 0. What is the tens digit of j?
4
Let c(z) = z**3 - 12*z**2 - 26*z - 56. What is the units digit of c(17)?
7
Suppose 0 = -4*i + c + 57011, 5*i - 71263 = -260*c + 261*c. What is the hundreds digit of i?
2
Suppose 0 = -10*s + 2*s + 656. Let j = s - -604. What is the tens digit of j?
8
Suppose -157*l - 77*l = -70*l - 489540. What is the hundreds digit of l?
9
Let t = -141 + 146. What is the units digit of (-4)/t - (-7560)/200?
7
Let b(u) = -u**3 - 14*u**2 - 2*u - 12. Let n be b(-14). Suppose 0 = 7*r - n*r + 1143. What is the units digit of r?
7
Let y(o) = -2*o - 2. Let m(a) = 46*a - 33. Let i(f) = -m(f) - 2*y(f). What is the hundreds digit of i(-14)?
6
Let z = 300 + -307. What is the hundreds digit of 1966/2*-7*z/49?
9
Let s(g) be the first derivative of -3*g**4/4 - 6*g**3 + 95. What is the tens digit of s(-9)?
2
Suppose 0 = 3*t - 3*z + 5*z + 376, 5*t = 3*z - 595. Suppose 4*p - 77 = -3*v, v - 2*v - p + 24 = 0. Let w = v - t. What is the hundreds digit of w?
1
Let g(s) = -2*s**2 + 16*s + 10. Let k = 56 - 68. Let v be g(k). What is the tens digit of 2/(-4) + 3*v/(-12)?
1
Let o = -11081 + 17729. What is the hundreds digit of o?
6
Let y be 14 + (5/4)/(5/20). Suppose -y*b - 1487 = -9562. What is the tens digit of b?
2
What is the thousands digit of 7911 + (-3)/(27/(-9 - -18))?
7
Suppose 113 = 7*v + 386. Let t = v - -23. Let m(w) = -w**3 - 16*w**2 - 2*w - 18. What is the tens digit of m(t)?
1
Let g = 159 + -163. Let h(t) = -108*t + 53. What is the units digit of h(g)?
5
What is the tens digit of 1320836/440 - (2 + 2/(-20) - 2)?
0
Let g be (-802)/(-5)*(4 + 6). Let v = -1086 + g. What is the hundreds digit of v?
5
Let b(f) = 45*f + 37*f + 22 + 41*f - 129*f + 10*f**2. What is the tens digit of b(7)?
7
Let g = 93 + -84. Let q be 8/36 + 34/g. Suppose q*c = -57 + 829. What is the units digit of c?
3
Suppose -15*v + 48 = -3*v. Suppose -3*j - 2 = -5*j - v*i, 4*i + 10 = 2*j. Let k(q) = 8*q - 4. What is the tens digit of k(j)?
2
Suppose -v + 209 = 3*t - 62, -t + 85 = -5*v. What is the units digit of (-5*(-27)/t)/((-3)/(-788))?
4
Let o = 1037 - -14816. What is the hundreds digit of o?
8
Let b = -1 + 4. Suppose b = 3*j - 3. Suppose 153 = v + j*v. What is the units digit of v?
1
Suppose -498 + 158 = -v. Suppose -b - v = -4*q, 3*b = -4*q - 470 - 534. Let g = -146 - b. What is the units digit of g?
0
Suppose h = 7*h - 30. Suppose -5*g - 1484 = -4*m, -h*m + 7*g = 2*g - 1855. What is the hundreds digit of m?
3
Let a(u) = 83*u + 25. Let t be a(-2). Let z = 367 - t. What is the tens digit of z?
0
Suppose -5*m + 3 = -4*i, -3*i - i + 12 = 0. Suppose -1062 = -12*t + m*t. Suppose 2*b = -s - s + t, -182 = -3*b + 2*s. What is the tens digit of b?
6
Suppose 50 = -4*g - g + 4*j, 5*j = 4*g + 49. Let v(f) = -f**3 - 2*f**2 - 5*f. Let a be v(g). Suppose 13*t = 10*t + a. What is the tens digit of t?
5
Let l(a) = 8380*a**2 - 38*a - 5. What is the hundreds digit of l(-1)?
4
Let p be (-1)/(3 - (-496)/(-164)) - -1. Let h = p + 85. Let z = h - -69. What is the units digit of z?
6
Suppose -3*w + 22681 = t, -5*t - 8045 + 38279 = 4*w. What is the thousands digit of w?
7
Let c = 8038 - -390. Suppose -48*s + c = -20*s. What is the hundreds digit of s?
3
Suppose -333138 = -103*s + 64*s. What is the units digit of s?
2
Suppose 4*l + 2 = 3*l. Let m(z) = 93*z**2 + 3*z - 1. Let a be m(l). Let c = a - 151. What is the units digit of c?
4
Suppose 2*l - 4725 = -5*l. Suppose -5*h + 2*j + l = -2325, h + j - 607 = 0. Suppose 6*m + 80 = h. What is the units digit of m?
7
Let c(i) = i + 8. Let s be c(-8). Suppose -p = -3*f - 2*p + 71, s = 3*f + 5*p - 55. What is the units digit of f?
5
Let y be ((-1500)/35)/3 + (-4)/(-14). Let f be (-4)/y - 13/((-91)/6018). Suppose 6*u - 82 = f. What is the units digit of u?
7
Suppose -975211 - 1563673 = -274*m. What is the thousands digit of m?
9
Suppose 5*m - 64761 = z, 3*m + 27*z = 30*z + 38847. What is the thousands digit of m?
2
Suppose 32626 + 378772 = 16*h + 10*h. What is the units digit of h?
3
Let s(u) = -10*u + 82. Let a be s(8). Suppose 0 = -a*r - r + 93. Suppose r + 17 = p. What is the units digit of p?
8
Let d(w) = 5*w + 1400. Let u be d(0). Suppose 3*x = x - 5*k + u, -4*x = 4*k - 2788. What is the units digit of x?
5
Let b(k) = 6*k**2 + 134*k + 1062. What is the units digit of b(-68)?
4
Let g(j) = 5*j - 27. Suppose 4*t - 4*m = -2*m + 18, 5*t - 15 = 5*m. Let r be g(t). Suppose 2*a + 160 = 2*q, -r*a = q - 3*q + 160. What is the units digit of q?
0
Suppose -k - 3*o - 18606 = -6*k, -3716 = -k - 2*o. What is the tens digit of k?
2
Let y = -1350 - -1409. What is the tens digit of y?
5
Let z be (-158)/(-4)*(14 + -12) - 0. Suppose 3*i - 155 = z. What is the tens digit of i?
7
Suppose -7 = a + 4*u + 8, a - u = 10. Suppose 7*y = a*y + 8. Suppose -4*f - j + 228 = -0*j, y*f + 2*j = 232. What is the units digit of f?
6
Let n(h) = h**2 - 15*h - 1. Let j be n(16). Suppose 3*x = 8*x + j. Let c = 15 - x. What is the units digit of c?
8
Suppose -10*o + 15562 = 3*v, -3*v + 9305 = o - 6329. What is the units digit of v?
4
Let s(k) = 9*k**2 - 2*k + 9. Suppose -2*n = 3 - 9. Let j be s(n). Suppose 154 = 2*y - 2*q, 3*q - 285 + j = -3*y. What is the tens digit of y?
7
Suppose -3*i - 96 = -7*i + 4*z, 0 = -3*i - 3*z + 78. What is the units digit of 27880/i - 36/(-45)?
6
Let d = 2088 + 3148. What is the thousands digit of d?
5
Let u = 47 + -42. Suppose u*k + 5*s + 310 = 0, s - 145 + 463 = -5*k. Let n = 81 + k. What is the tens digit of n?
1
Suppose -2568 = 279*v - 291*v. Suppose -v = -11*y + 996. What is the tens digit of y?
1
What is the thousands digit of 1855/(-63) + 29 + 72265/9?
8
Let n = 18125 + -7349. What is the hundreds digit of n?
7
Let p(n) = -n**2 - 7*n + 39. Let l be (-3 - 2/2)/((-8)/(-20)). Let r = -18 - l. What is the tens digit of p(r)?
3
Let n(w) = 8*w + 17. Let a be n(6). Let t(b) = 6 + 9 + 4*b - 4 + a*b. What is the units digit of t(1)?
0
Let m be 15/8 + 20/160. Suppose j + 23 = m. What is the units digit of 7370/77 - 6/j?
6
Suppose 2*j - n = -683, -5*j - 1995 = 3*n - 293. Let h = -63 - j. What is the tens digit of h?
7
Let j = 15608 - -701. What is the tens digit of j?
0
Let o = -82 - -305. Suppose 2*f - 19 = -25, 0 = 4*s - f - o. What is the tens digit of s?
5
Let p(n) = -3*n + 21. Let c(w) = 2*w - 21. Let l(u) = -4*c(u) - 3*p(u). Let y be l(-5). Let v(s) = -s + 55. What is the tens digit of v(y)?
3
Let m(g) = 8*g**2 + 223*g + 903. What is the hundreds digit of m(-85)?
7
Let o = -2748 - -11334. What is the thousands digit of o?
8
Let t(c) = 139*c**2 - 7*c + 12. Let q be t(-4). Let n = q + -1187. What is the tens digit of n?
7
Suppose 13*w - 18*w - 30 = 0. Let q(f) = -f**3 - f**2 + 16*f - 3. What is the units digit of q(w)?
1
What is the tens digit of (-36)/(-8) + (-5827311)/(-102)?
3
Let w(m) be the first derivative of 45*m**4/4 + 4*m**3/3 - m**2/2 - m - 120. What is the tens digit of w(1)?
4
Let m(s) = -3*s**2 + 2*s - 2. Let u be m(1). Let n be (u/4)/(3/(-12)). Suppose -n*v - 20 = -4*x + 218, -254 = -4*x - 5*v. What is the units digit of x?
1
Let z(b) = 685*b**2 + 6*b - 34. What is the ten thousands digit of z(-6)?
2
Suppose l - 2294 = -8*k + 10*k, -2*k + 9166 = 4*l. What is the thousands digit of l?
2
Let j(q) = -q**3 - 2*q**2 + 5*q - 4. Let m be j(-3). Let n(k) = k**3 + 10*k**2 + 10*k + 141. What is the tens digit of n(m)?
4
Suppose 5*g - 6*r + 7*r - 25 = 0, -4*g - 3*r = -20. Suppose -873 = -m + v + 584, g*m = 3*v + 7279. What is the hundreds digit of m?
4
Let j be (0 - 0)*29/(-87). Suppose 9*a - 1464 + 114 = j. What is the hundreds digit of a?
1
Let o = 16 - 31. Let z = o + 9. What is the units digit of 80/15 + z/(-9)?
6
Let x(k) = -21*k - 113. Let p be x(-26). Let g = p - 112. What is the tens digit of g?
2
Suppose -2*w = 12*h - 14*h - 1262, 3*h = -2*w - 1918. Let y = h +